{"id":672,"date":"2025-09-11T17:21:53","date_gmt":"2025-09-11T15:21:53","guid":{"rendered":"https:\/\/www.twoo-mentorat.fr\/?post_type=tribe_events&#038;p=672"},"modified":"2025-11-05T17:53:31","modified_gmt":"2025-11-05T16:53:31","slug":"les-rencontres-du-mentorat-paris","status":"publish","type":"tribe_events","link":"https:\/\/www.twoo-mentorat.fr\/index.php\/evenement\/les-rencontres-du-mentorat-paris\/","title":{"rendered":"Les Rencontres du Mentorat [Paris]"},"content":{"rendered":"<p><span style=\"color: #63806e;\"><b>Un rendez-vous incontournable pour la communaut\u00e9 des mentors<\/b><\/span><\/p>\n<p><span style=\"color: #63806e;\"><span style=\"font-weight: 400;\">Organis\u00e9 par <\/span><b>Twoo &#8211; Grandir avec le Mentorat<\/b><span style=\"font-weight: 400;\">, cet \u00e9v\u00e9nement est LE rendez-vous de l\u2019ann\u00e9e pour \u00e9changer, s\u2019inspirer et faire grandir la communaut\u00e9 du mentorat. <\/span><span style=\"font-weight: 400;\"><br \/>\n<\/span><span style=\"font-weight: 400;\">C&rsquo;est une journ\u00e9e o\u00f9 parcours, exp\u00e9riences et \u00e9nergies se rencontrent pour donner encore plus de sens \u00e0 vos engagements.<\/span><\/span><\/p>\n<p><span style=\"color: #63806e;\"><span style=\"font-weight: 400;\">Que vous soyez mento<\/span>rs salari\u00e9s ou entrepreneurs, c&rsquo;est un temps d\u00e9di\u00e9 pour vous (re)trouver et \u00e9changer sur vos pratiques, partager vos succ\u00e8s mais aussi vos questionnements. C&rsquo;est \u00e9galement l&rsquo;occasion de d\u00e9couvrir vos synergies et d&rsquo;initier des collaborations.<\/span><\/p>\n<h3><span style=\"color: #63806e;\"><b>Le mentorat, une aventure \u00e0 partager !<\/b><\/span><\/h3>\n<p><span style=\"font-weight: 400; color: #63806e;\">Vous \u00eates convaincus de l&rsquo;importance de votre impact ? Et si vos proches devenaient les mentors de demain ? Invitez-les \u00e0 rejoindre l\u2019aventure ! Anim\u00e9s par l\u2019envie de guider et d\u2019accompagner, ils pourront devenir, eux aussi, des mentors engag\u00e9s \u00e0 vos c\u00f4t\u00e9s.<\/span><\/p>\n<h3><span style=\"color: #63806e;\"><b>Informations pratiques<\/b><\/span><\/h3>\n<ul>\n<li style=\"font-weight: 400;\" aria-level=\"1\"><span style=\"color: #63806e;\"><b>Date :<\/b><span style=\"font-weight: 400;\"> Mardi 18 novembre 2025, \u00e0 partir de 8h30<\/span><\/span><\/li>\n<li style=\"font-weight: 400;\" aria-level=\"1\"><span style=\"color: #63806e;\"><b>Lieu :<\/b><span style=\"font-weight: 400;\"> Chez SFIL, groupe CDC &#8211; 112-114 Av. Emile Zola, 75015 Paris<\/span><\/span><\/li>\n<li style=\"font-weight: 400;\" aria-level=\"1\"><span style=\"color: #63806e;\"><b>Partenaires :<\/b><span style=\"font-weight: 400;\"> \u00c9v\u00e9nement soutenu par Bpifrance, Sfil, GSC et MACIF.<br \/>\n<\/span><\/span><\/li>\n<\/ul>\n<h3><span style=\"color: #63806e;\"><b>D\u00e9couvrez un aper\u00e7u du programme :<br \/>\n<\/b><\/span><\/h3>\n<ul>\n<li><span style=\"color: #63806e;\">8h30-9h &#8211; Accueil caf\u00e9<\/span><\/li>\n<li><span style=\"color: #63806e;\">9h-10h35 &#8211; Pl\u00e9ni\u00e8re<\/span><\/li>\n<li><span style=\"color: #63806e;\">10h35-11h00 &#8211; Networking &amp; pause\u00a0<\/span><\/li>\n<li><span style=\"color: #63806e;\">11h00-12h30 &#8211; Conf\u00e9rence inspirante + Q&amp;A<\/span><\/li>\n<li><span style=\"color: #63806e;\">12h30-13h &#8211; Pause<\/span><\/li>\n<\/ul>\n<p><span style=\"color: #63806e;\"><b>Inscription obligatoire : r\u00e9servez vos places d\u00e8s maintenant et rejoignez-nous ! -&gt; <\/b><a style=\"color: #63806e;\" href=\"http:\/\/bit.ly\/4mg0Be5\"><b>http:\/\/bit.ly\/4mg0Be5<\/b><\/a><b>\u00a0<\/b><\/span><\/p>\n","protected":false},"excerpt":{"rendered":"<p>Un rendez-vous incontournable pour la communaut\u00e9 des mentors Organis\u00e9 par Twoo &#8211; Grandir avec le Mentorat, cet \u00e9v\u00e9nement est LE rendez-vous de l\u2019ann\u00e9e pour \u00e9changer, s\u2019inspirer et faire grandir la [&hellip;]<\/p>\n","protected":false},"author":3,"featured_media":716,"template":"","meta":{"_monsterinsights_skip_tracking":false,"_monsterinsights_sitenote_active":false,"_monsterinsights_sitenote_note":"","_monsterinsights_sitenote_category":0,"_tribe_events_status":"","_tribe_events_status_reason":"","footnotes":""},"tags":[],"tribe_events_cat":[8],"class_list":["post-672","tribe_events","type-tribe_events","status-publish","has-post-thumbnail","hentry","tribe_events_cat-evenement-twoo","cat_evenement-twoo"],"jetpack_sharing_enabled":true,"_links":{"self":[{"href":"https:\/\/www.twoo-mentorat.fr\/index.php\/wp-json\/wp\/v2\/tribe_events\/672","targetHints":{"allow":["GET"]}}],"collection":[{"href":"https:\/\/www.twoo-mentorat.fr\/index.php\/wp-json\/wp\/v2\/tribe_events"}],"about":[{"href":"https:\/\/www.twoo-mentorat.fr\/index.php\/wp-json\/wp\/v2\/types\/tribe_events"}],"author":[{"embeddable":true,"href":"https:\/\/www.twoo-mentorat.fr\/index.php\/wp-json\/wp\/v2\/users\/3"}],"version-history":[{"count":7,"href":"https:\/\/www.twoo-mentorat.fr\/index.php\/wp-json\/wp\/v2\/tribe_events\/672\/revisions"}],"predecessor-version":[{"id":973,"href":"https:\/\/www.twoo-mentorat.fr\/index.php\/wp-json\/wp\/v2\/tribe_events\/672\/revisions\/973"}],"wp:featuredmedia":[{"embeddable":true,"href":"https:\/\/www.twoo-mentorat.fr\/index.php\/wp-json\/wp\/v2\/media\/716"}],"wp:attachment":[{"href":"https:\/\/www.twoo-mentorat.fr\/index.php\/wp-json\/wp\/v2\/media?parent=672"}],"wp:term":[{"taxonomy":"post_tag","embeddable":true,"href":"https:\/\/www.twoo-mentorat.fr\/index.php\/wp-json\/wp\/v2\/tags?post=672"},{"taxonomy":"tribe_events_cat","embeddable":true,"href":"https:\/\/www.twoo-mentorat.fr\/index.php\/wp-json\/wp\/v2\/tribe_events_cat?post=672"}],"curies":[{"name":"wp","href":"https:\/\/api.w.org\/{rel}","templated":true}]}}

<p><span style="color: #63806e;"><b>Un rendez-vous incontournable pour la communauté des mentors</b></span></p>
<p><span style="color: #63806e;"><span style="font-weight: 400;">Organisé par </span><b>Twoo &#8211; Grandir avec le Mentorat</b><span style="font-weight: 400;">, cet événement est LE rendez-vous de l’année pour échanger, s’inspirer et faire grandir la communauté du mentorat. </span><span style="font-weight: 400;"><br />
</span><span style="font-weight: 400;">C&rsquo;est une journée où parcours, expériences et énergies se rencontrent pour donner encore plus de sens à vos engagements.</span></span></p>
<p><span style="color: #63806e;"><span style="font-weight: 400;">Que vous soyez mento</span>rs salariés ou entrepreneurs, c&rsquo;est un temps dédié pour vous (re)trouver et échanger sur vos pratiques, partager vos succès mais aussi vos questionnements. C&rsquo;est également l&rsquo;occasion de découvrir vos synergies et d&rsquo;initier des collaborations.</span></p>
<h3><span style="color: #63806e;"><b>Le mentorat, une aventure à partager !</b></span></h3>
<p><span style="font-weight: 400; color: #63806e;">Vous êtes convaincus de l&rsquo;importance de votre impact ? Et si vos proches devenaient les mentors de demain ? Invitez-les à rejoindre l’aventure ! Animés par l’envie de guider et d’accompagner, ils pourront devenir, eux aussi, des mentors engagés à vos côtés.</span></p>
<h3><span style="color: #63806e;"><b>Informations pratiques</b></span></h3>
<ul>
<li style="font-weight: 400;" aria-level="1"><span style="color: #63806e;"><b>Date :</b><span style="font-weight: 400;"> Mardi 18 novembre 2025, à partir de 8h30</span></span></li>
<li style="font-weight: 400;" aria-level="1"><span style="color: #63806e;"><b>Lieu :</b><span style="font-weight: 400;"> Chez SFIL, groupe CDC &#8211; 112-114 Av. Emile Zola, 75015 Paris</span></span></li>
<li style="font-weight: 400;" aria-level="1"><span style="color: #63806e;"><b>Partenaires :</b><span style="font-weight: 400;"> Événement soutenu par Bpifrance, Sfil, GSC et MACIF.<br />
</span></span></li>
</ul>
<h3><span style="color: #63806e;"><b>Découvrez un aperçu du programme :<br />
</b></span></h3>
<ul>
<li><span style="color: #63806e;">8h30-9h &#8211; Accueil café</span></li>
<li><span style="color: #63806e;">9h-10h35 &#8211; Plénière</span></li>
<li><span style="color: #63806e;">10h35-11h00 &#8211; Networking &amp; pause </span></li>
<li><span style="color: #63806e;">11h00-12h30 &#8211; Conférence inspirante + Q&amp;A</span></li>
<li><span style="color: #63806e;">12h30-13h &#8211; Pause</span></li>
</ul>
<p><span style="color: #63806e;"><b>Inscription obligatoire : réservez vos places dès maintenant et rejoignez-nous ! -&gt; </b><a style="color: #63806e;" href="http://bit.ly/4mg0Be5"><b>http://bit.ly/4mg0Be5</b></a><b> </b></span></p>

<p>Un rendez-vous incontournable pour la communauté des mentors Organisé par Twoo &#8211; Grandir avec le Mentorat, cet événement est LE rendez-vous de l’année pour échanger, s’inspirer et faire grandir la [&hellip;]</p>
